{"id":143,"date":"2025-02-18T13:08:35","date_gmt":"2025-02-18T13:08:35","guid":{"rendered":"https:\/\/mojaknjiga.com\/?post_type=product&#038;p=143"},"modified":"2025-02-20T12:46:44","modified_gmt":"2025-02-20T12:46:44","slug":"majstor-driblinga","status":"publish","type":"product","link":"https:\/\/mojaknjiga.com\/?product=majstor-driblinga","title":{"rendered":"Majstor Driblinga"},"content":{"rendered":"<p><strong>\u201eFerhatovi\u0107: Kralj driblinga\u201c<\/strong>\u00a0je biografska knjiga posve\u0107ena jednom od najve\u0107ih jugoslovenskih fudbalskih majstora,\u00a0<strong>Ferhatu Ferhatovi\u0107u<\/strong>, koji je bio poznat po svojim izuzetnim driblerskim ve\u0161tinama i stilu igre. Autor, kroz ovu knjigu, detaljno istra\u017euje \u017eivot i karijeru ovog fudbalskog genija, koji je stekao status legende i ikone sporta.<\/p>\n<p>Ferhatovi\u0107 je bio nezaboravan igra\u010d koji je ostavio dubok trag u fudbalu, prepoznatljiv po svojoj eleganciji na terenu i sposobnosti da pro\u0111e kroz odbranu protivni\u010dkih timova s neverovatnim lako\u0107ama. Knjiga prati njegove po\u010detke, uspone i padove, ali i osobni \u017eivot, strast prema fudbalu, kao i zna\u010daj koji je imao za svoju zemlju i timove u kojima je igrao.<\/p>\n<p>&nbsp;<\/p>\n<p>O autoru<\/p>\n<p><strong>KLJUI\u0106, Stjepan,<\/strong>\u00a0politi\u010dar i novinar (Sarajevo, 19. XII. 1939). U rodnom gradu zavr\u0161io gimnaziju 1959, na Filozofskom fakultetu studirao jugoslavenske knji\u017eevnosti i filozofiju. Od 1965. radio uglavnom kao \u0161portski novinar u listu\u00a0<em>Oslobo\u0111enje<\/em>\u00a0te, nakon prijepora zbog porabe hrvatskoga jezika, od 1971. u sarajevskom dopisni\u0161tvu\u00a0<em>Vjesnika.<\/em>\u00a0Autor je dviju knji\u017eica o \u0161porta\u0161ima (<em>Ferhatovi\u0107 \u2013 majstor driblinga.<\/em>\u00a0Sarajevo 1964;\u00a0<em>\u017delja za pobjedom \u2013 Dragutin \u0160urbek.<\/em>\u00a0Sarajevo 1973; i engl. izd.) i fotomonografije o BiH\u00a0<em>Ono najbolje. Bosna &amp; Hercegovina<\/em>\u00a0(Sarajevo 2004, i engl. izd.; suautori G. Mili\u0107 i A. Bosni\u0107), a radijska drama\u00a0<em>Junaci iz Los Angelesa<\/em>\u00a0izvedena mu je 1984. na sarajevskoj postaji. God. 1990. napu\u0161ta novinarstvo i suosniva HDZ BiH, u kojoj je politi\u010dki tajnik i v. d. predsjednika (potvr\u0111en 1991, kad je prihva\u0107en i njegov program Suverena BiH i ravnopravni Hrvati u njoj). Nakon prvih demokratskih izbora postao je \u010dlanom Predsjedni\u0161tva SRBiH. Promjenjive politi\u010dke okolnosti utjecale su kako na smjernice njegova djelovanja, tako i na stajali\u0161ta koja je javno iznosio 1990\u201392. Zastupao je nedjeljivost BiH i konstitutivnost triju njezinih naroda, pa \u2013 nakon zao\u0161travanja sukoba u RH, srpskoga prijedloga kantonizacije BiH i napadaja na Ravno \u2013 podjelu Bosne, ali ni u tom nije ustrajao, nego je, brane\u0107i pravo Hrvata u BiH na teritorijalnu samoorganizaciju, promicao formiranje sredi\u0161nje vlade bez srpskih predstavnika i ponovo zagovarao cjelovitost BiH.<\/p>\n","protected":false},"excerpt":{"rendered":"<p>\u201eFerhatovi\u0107: Kralj driblinga\u201c\u00a0je biografska knjiga posve\u0107ena jednom od najve\u0107ih jugoslovenskih fudbalskih majstora,\u00a0Ferhatu Ferhatovi\u0107u, koji je bio poznat po svojim izuzetnim driblerskim ve\u0161tinama i stilu igre. Autor, kroz ovu knjigu, detaljno istra\u017euje \u017eivot i karijeru ovog fudbalskog genija, koji je stekao status legende i ikone sporta. Ferhatovi\u0107 je bio nezaboravan igra\u010d koji je ostavio dubok trag [&hellip;]<\/p>\n","protected":false},"featured_media":259,"comment_status":"open","ping_status":"closed","template":"","meta":[],"product_brand":[],"product_cat":[15],"product_tag":[],"class_list":{"0":"post-143","1":"product","2":"type-product","3":"status-publish","4":"has-post-thumbnail","6":"product_cat-uncategorized","8":"first","9":"instock","10":"shipping-taxable","11":"purchasable","12":"product-type-simple"},"aioseo_notices":[],"_links":{"self":[{"href":"https:\/\/mojaknjiga.com\/index.php?rest_route=\/wp\/v2\/product\/143","targetHints":{"allow":["GET"]}}],"collection":[{"href":"https:\/\/mojaknjiga.com\/index.php?rest_route=\/wp\/v2\/product"}],"about":[{"href":"https:\/\/mojaknjiga.com\/index.php?rest_route=\/wp\/v2\/types\/product"}],"replies":[{"embeddable":true,"href":"https:\/\/mojaknjiga.com\/index.php?rest_route=%2Fwp%2Fv2%2Fcomments&post=143"}],"wp:featuredmedia":[{"embeddable":true,"href":"https:\/\/mojaknjiga.com\/index.php?rest_route=\/wp\/v2\/media\/259"}],"wp:attachment":[{"href":"https:\/\/mojaknjiga.com\/index.php?rest_route=%2Fwp%2Fv2%2Fmedia&parent=143"}],"wp:term":[{"taxonomy":"product_brand","embeddable":true,"href":"https:\/\/mojaknjiga.com\/index.php?rest_route=%2Fwp%2Fv2%2Fproduct_brand&post=143"},{"taxonomy":"product_cat","embeddable":true,"href":"https:\/\/mojaknjiga.com\/index.php?rest_route=%2Fwp%2Fv2%2Fproduct_cat&post=143"},{"taxonomy":"product_tag","embeddable":true,"href":"https:\/\/mojaknjiga.com\/index.php?rest_route=%2Fwp%2Fv2%2Fproduct_tag&post=143"}],"curies":[{"name":"wp","href":"https:\/\/api.w.org\/{rel}","templated":true}]}}