{"id":203,"date":"2025-02-18T19:11:18","date_gmt":"2025-02-18T19:11:18","guid":{"rendered":"https:\/\/mojaknjiga.com\/?page_id=203"},"modified":"2025-02-18T19:57:48","modified_gmt":"2025-02-18T19:57:48","slug":"elementor-203","status":"publish","type":"page","link":"https:\/\/mojaknjiga.com\/?page_id=203","title":{"rendered":"kontakt"},"content":{"rendered":"\t\t<div data-elementor-type=\"wp-page\" data-elementor-id=\"203\" class=\"elementor elementor-203\">\n\t\t\t\t<div class=\"elementor-element elementor-element-0c3c8ae e-flex e-con-boxed e-con e-parent\" data-id=\"0c3c8ae\" data-element_type=\"container\">\n\t\t\t\t\t<div class=\"e-con-inner\">\n\t\t\t\t\t<\/div>\n\t\t\t\t<\/div>\n\t\t<div class=\"elementor-element elementor-element-1abc855 e-flex e-con-boxed e-con e-parent\" data-id=\"1abc855\" data-element_type=\"container\">\n\t\t\t\t\t<div class=\"e-con-inner\">\n\t\t\t\t<div class=\"elementor-element elementor-element-0d58578 elementor-widget elementor-widget-text-editor\" data-id=\"0d58578\" data-element_type=\"widget\" data-widget_type=\"text-editor.default\">\n\t\t\t\t<div class=\"elementor-widget-container\">\n\t\t\t\t\t\t\t\t\t<p data-start=\"104\" data-end=\"247\">Za sve informacije, upite ili narud\u017ebe, slobodno nas kontaktirajte! Uvijek smo tu da odgovorimo na va\u0161a pitanja i pru\u017eimo vam potrebnu podr\u0161ku.<\/p><p data-start=\"249\" data-end=\"273\"><strong data-start=\"249\" data-end=\"273\">Kontakt informacije:<\/strong><\/p><ul data-start=\"275\" data-end=\"438\"><li data-start=\"275\" data-end=\"313\"><strong data-start=\"277\" data-end=\"289\">Telefon:<\/strong> 066 713 225<\/li><li data-start=\"314\" data-end=\"349\"><strong data-start=\"316\" data-end=\"326\">Email:<\/strong> info@mojaknjiga.com<\/li><li data-start=\"350\" data-end=\"393\"><strong data-start=\"352\" data-end=\"363\">Adresa:<\/strong> Sarajevo 71000<\/li><li data-start=\"394\" data-end=\"438\"><strong data-start=\"396\" data-end=\"414\">Radno vrijeme:<\/strong>\u00a0 Pon-pet 9:00- 17:00<\/li><\/ul><p data-start=\"721\" data-end=\"747\"><strong data-start=\"721\" data-end=\"747\">Dostava i Preuzimanje:<\/strong><\/p><p data-start=\"749\" data-end=\"923\">Knjige mo\u017eete naru\u010diti i preuzeti <strong data-start=\"783\" data-end=\"817\">li\u010dnim preuzimanjem u Sarajevu<\/strong>, ili vam mo\u017eemo poslati narud\u017ebu putem <strong data-start=\"857\" data-end=\"869\">BH po\u0161te<\/strong>. Za dodatne informacije o dostavi, kontaktirajte nas.<\/p>\t\t\t\t\t\t\t\t<\/div>\n\t\t\t\t<\/div>\n\t\t\t\t\t<\/div>\n\t\t\t\t<\/div>\n\t\t\t\t<\/div>\n\t\t","protected":false},"excerpt":{"rendered":"<p>Za sve informacije, upite ili narud\u017ebe, slobodno nas kontaktirajte! Uvijek smo tu da odgovorimo na va\u0161a pitanja i pru\u017eimo vam potrebnu podr\u0161ku. Kontakt informacije: Telefon: 066 713 225 Email: info@mojaknjiga.com Adresa: Sarajevo 71000 Radno vrijeme:\u00a0 Pon-pet 9:00- 17:00 Dostava i Preuzimanje: Knjige mo\u017eete naru\u010diti i preuzeti li\u010dnim preuzimanjem u Sarajevu, ili vam mo\u017eemo poslati narud\u017ebu [&hellip;]<\/p>\n","protected":false},"author":1,"featured_media":0,"parent":0,"menu_order":0,"comment_status":"closed","ping_status":"closed","template":"bosanski-kralj","meta":{"footnotes":""},"class_list":["post-203","page","type-page","status-publish","hentry"],"aioseo_notices":[],"_links":{"self":[{"href":"https:\/\/mojaknjiga.com\/index.php?rest_route=\/wp\/v2\/pages\/203","targetHints":{"allow":["GET"]}}],"collection":[{"href":"https:\/\/mojaknjiga.com\/index.php?rest_route=\/wp\/v2\/pages"}],"about":[{"href":"https:\/\/mojaknjiga.com\/index.php?rest_route=\/wp\/v2\/types\/page"}],"author":[{"embeddable":true,"href":"https:\/\/mojaknjiga.com\/index.php?rest_route=\/wp\/v2\/users\/1"}],"replies":[{"embeddable":true,"href":"https:\/\/mojaknjiga.com\/index.php?rest_route=%2Fwp%2Fv2%2Fcomments&post=203"}],"version-history":[{"count":8,"href":"https:\/\/mojaknjiga.com\/index.php?rest_route=\/wp\/v2\/pages\/203\/revisions"}],"predecessor-version":[{"id":236,"href":"https:\/\/mojaknjiga.com\/index.php?rest_route=\/wp\/v2\/pages\/203\/revisions\/236"}],"wp:attachment":[{"href":"https:\/\/mojaknjiga.com\/index.php?rest_route=%2Fwp%2Fv2%2Fmedia&parent=203"}],"curies":[{"name":"wp","href":"https:\/\/api.w.org\/{rel}","templated":true}]}}