{"id":197,"date":"2025-02-18T19:07:27","date_gmt":"2025-02-18T19:07:27","guid":{"rendered":"https:\/\/mojaknjiga.com\/?page_id=197"},"modified":"2025-02-18T19:57:23","modified_gmt":"2025-02-18T19:57:23","slug":"elementor-197","status":"publish","type":"page","link":"https:\/\/mojaknjiga.com\/?page_id=197","title":{"rendered":"O NAMA"},"content":{"rendered":"\t\t<div data-elementor-type=\"wp-page\" data-elementor-id=\"197\" class=\"elementor elementor-197\">\n\t\t\t\t<div class=\"elementor-element elementor-element-8b1b266 e-flex e-con-boxed e-con e-parent\" data-id=\"8b1b266\" data-element_type=\"container\">\n\t\t\t\t\t<div class=\"e-con-inner\">\n\t\t\t\t\t<\/div>\n\t\t\t\t<\/div>\n\t\t<div class=\"elementor-element elementor-element-3117867 e-flex e-con-boxed e-con e-parent\" data-id=\"3117867\" data-element_type=\"container\">\n\t\t\t\t\t<div class=\"e-con-inner\">\n\t\t\t\t<div class=\"elementor-element elementor-element-35e7ac0 elementor-widget elementor-widget-text-editor\" data-id=\"35e7ac0\" data-element_type=\"widget\" data-widget_type=\"text-editor.default\">\n\t\t\t\t<div class=\"elementor-widget-container\">\n\t\t\t\t\t\t\t\t\t<p data-start=\"113\" data-end=\"510\">Dobrodo\u0161li na na\u0161u stranicu posve\u0107enu knjigama koje istra\u017euju duboke i potresne teme o na\u0161oj pro\u0161loj i sada\u0161njoj stvarnosti. Na\u0161a ponuda obuhvata naslove koji se bave va\u017enim pitanjima, kao \u0161to su <strong data-start=\"309\" data-end=\"326\">Tajni Vilajet<\/strong>, <strong data-start=\"328\" data-end=\"344\">Izdaja Bosne<\/strong>, <strong data-start=\"346\" data-end=\"361\">Antimigrant<\/strong>,<strong> I<\/strong> <strong data-start=\"363\" data-end=\"376\">\u0160to Sada? i mnoge druge.<\/strong><\/p><p data-start=\"113\" data-end=\"510\">\u00a0Svaka knjiga nosi sa sobom dublje zna\u010denje i poziva na razmi\u0161ljanje o stvarima koje su \u010desto zanemarene.<\/p><p data-start=\"512\" data-end=\"808\"><strong data-start=\"512\" data-end=\"529\">Tajni Vilajet<\/strong> i <strong data-start=\"532\" data-end=\"550\">Secret Vilayet<\/strong> istra\u017euju skrivene istorijske i politi\u010dke tajne koje oblikuju sudbine, dok <strong data-start=\"626\" data-end=\"642\">Izdaja Bosne<\/strong> i <strong data-start=\"645\" data-end=\"660\">Antimigrant<\/strong> donose va\u017ene refleksije o trenutnim izazovima s kojima se suo\u010davamo kao dru\u0161tvo. <strong data-start=\"742\" data-end=\"755\">\u0160to Sada?<\/strong> nudi pogled u budu\u0107nost kroz prizmu pro\u0161lih gre\u0161aka.<\/p><p data-start=\"810\" data-end=\"1128\">Nudimo vam kvalitetne knjige koje su dostupne po fer cenama, sa <strong data-start=\"874\" data-end=\"901\">dostavom putem BH po\u0161te<\/strong> i mogu\u0107no\u0161\u0107u <strong data-start=\"915\" data-end=\"948\">li\u010dnog preuzimanja u Sarajevu<\/strong>. Va\u017eno je napomenuti da su u sve cijene knjiga ura\u010dunat PDV . Uvjerite se da ste odabrali pravu knjigu koja \u0107e vas inspirisati i pru\u017eiti vam nove uvide.<\/p><p data-start=\"1130\" data-end=\"1193\">Za dodatne informacije ili pitanja, slobodno nas kontaktirajte!<\/p><p data-start=\"1130\" data-end=\"1193\"><img fetchpriority=\"high\" decoding=\"async\" class=\"aligncenter wp-image-186 size-full\" src=\"https:\/\/mojaknjiga.com\/wp-content\/uploads\/2025\/02\/Colorful-Eternity-Book-Line-Art-Reading-Club-Logo.png\" alt=\"\" width=\"500\" height=\"500\" srcset=\"https:\/\/mojaknjiga.com\/wp-content\/uploads\/2025\/02\/Colorful-Eternity-Book-Line-Art-Reading-Club-Logo.png 500w, https:\/\/mojaknjiga.com\/wp-content\/uploads\/2025\/02\/Colorful-Eternity-Book-Line-Art-Reading-Club-Logo-300x300.png 300w, https:\/\/mojaknjiga.com\/wp-content\/uploads\/2025\/02\/Colorful-Eternity-Book-Line-Art-Reading-Club-Logo-150x150.png 150w, https:\/\/mojaknjiga.com\/wp-content\/uploads\/2025\/02\/Colorful-Eternity-Book-Line-Art-Reading-Club-Logo-100x100.png 100w\" sizes=\"(max-width: 500px) 100vw, 500px\" \/><\/p>\t\t\t\t\t\t\t\t<\/div>\n\t\t\t\t<\/div>\n\t\t\t\t\t<\/div>\n\t\t\t\t<\/div>\n\t\t\t\t<\/div>\n\t\t","protected":false},"excerpt":{"rendered":"<p>Dobrodo\u0161li na na\u0161u stranicu posve\u0107enu knjigama koje istra\u017euju duboke i potresne teme o na\u0161oj pro\u0161loj i sada\u0161njoj stvarnosti. Na\u0161a ponuda obuhvata naslove koji se bave va\u017enim pitanjima, kao \u0161to su Tajni Vilajet, Izdaja Bosne, Antimigrant, I \u0160to Sada? i mnoge druge. \u00a0Svaka knjiga nosi sa sobom dublje zna\u010denje i poziva na razmi\u0161ljanje o stvarima koje [&hellip;]<\/p>\n","protected":false},"author":1,"featured_media":0,"parent":0,"menu_order":0,"comment_status":"closed","ping_status":"closed","template":"bosanski-kralj","meta":{"footnotes":""},"class_list":["post-197","page","type-page","status-publish","hentry"],"aioseo_notices":[],"_links":{"self":[{"href":"https:\/\/mojaknjiga.com\/index.php?rest_route=\/wp\/v2\/pages\/197","targetHints":{"allow":["GET"]}}],"collection":[{"href":"https:\/\/mojaknjiga.com\/index.php?rest_route=\/wp\/v2\/pages"}],"about":[{"href":"https:\/\/mojaknjiga.com\/index.php?rest_route=\/wp\/v2\/types\/page"}],"author":[{"embeddable":true,"href":"https:\/\/mojaknjiga.com\/index.php?rest_route=\/wp\/v2\/users\/1"}],"replies":[{"embeddable":true,"href":"https:\/\/mojaknjiga.com\/index.php?rest_route=%2Fwp%2Fv2%2Fcomments&post=197"}],"version-history":[{"count":8,"href":"https:\/\/mojaknjiga.com\/index.php?rest_route=\/wp\/v2\/pages\/197\/revisions"}],"predecessor-version":[{"id":233,"href":"https:\/\/mojaknjiga.com\/index.php?rest_route=\/wp\/v2\/pages\/197\/revisions\/233"}],"wp:attachment":[{"href":"https:\/\/mojaknjiga.com\/index.php?rest_route=%2Fwp%2Fv2%2Fmedia&parent=197"}],"curies":[{"name":"wp","href":"https:\/\/api.w.org\/{rel}","templated":true}]}}